 j(7).
12
Let r(v) = -55*v**2 - 205*v + 2. Calculate r(-5).
-348
Let y(f) = 3*f**2 - 815*f + 25860. What is y(235)?
10
Let c(k) = -103988*k + 44. Determine c(0).
44
Let q(y) = -68912*y - 620479. Give q(-9).
-271
Let v(o) = 4*o**2 - 233*o - 2942. Determine v(69).
25
Let p(y) = 23857*y - 286348. What is p(12)?
-64
Let c(i) = -i**3 - 72*i**2 + 1114*i - 57. Calculate c(-85).
-822
Let y(u) = -560*u**3 + 2*u**2 + u - 5. Give y(-1).
556
Let n(v) = v**3 - 93*v**2 + 1298*v - 131. Give n(17).
-29
Let k(a) = 464*a - 1915. Give k(4).
-59
Let f(w) = 6*w**3 - 3*w**2 - 33*w + 102. Calculate f(6).
1092
Let c(q) = -6*q + 933. Determine c(7).
891
Let y(r) = 103*r**2 - 21014*r + 452. Determine y(204).
44
Let g(b) = -b**2 + 15498*b + 1152377. Determine g(-74).
49
Let x(h) = -15885*h + 2668962. Calculate x(168).
282
Let r(c) = -797760*c - 5584333. What is r(-7)?
-13
Let l(n) = -10*n**3 - 11544*n**2 - 39126*n + 9197. Give l(-1151).
-11
Let u(b) = 2135*b - 21699. Calculate u(10).
-349
Let s(q) = 3*q**3 - 205*q**2 - 10661*q - 5221. What is s(103)?
32
Let d(r) = 2*r**3 - 63*r**2 - 258*r + 40. What is d(-4)?
-64
Let b(h) = -1955*h + 80095. Determine b(41).
-60
Let b(f) = -f**3 - 46*f**2 - 425*f + 1675. Calculate b(-19).
3
Let y(g) = g**2 + 347*g + 24551. Give y(-99).
-1
Let k(j) = -4*j**3 + 2*j**2 - 389. What is k(0)?
-389
Let j(h) = 1670*h**2 - 310*h + 320. Determine j(1).
1680
Let h(k) = k**2 - 298*k + 10066. What is h(39)?
-35
Let h(c) = 1581*c + 9667. Calculate h(-5).
1762
Let v(t) = -9576*t - 57432. Give v(-6).
24
Let x(t) = 14330*t + 171956. Determine x(-12).
-4
Let k(n) = 16800*n - 839993. Determine k(50).
7
Let p(u) = 3*u**2 - 301898*u - 301900. Give p(-1).
1
Let w(y) = -6*y**3 + 1744*y**2 - 1577*y + 120927. Determine w(290).
-3
Let u(a) = 3*a**3 - 32*a**2 + 624*a - 5209. Give u(9).
2
Let u(k) = 3*k**3 - 106*k**2 - 628*k + 16389. What is u(37)?
-2
Let w(l) = l**2 + 1193*l + 106330. What is w(-97)?
18
Let d(a) = -a**3 - 25*a**2 - 59*a - 368. Calculate d(-19).
-1413
Let o(v) = -17*v**2 + 2645*v + 10834. Give o(-4).
-18
Let n(p) = -32909*p + 394744. Determine n(12).
-164
Let b(i) = 3*i**3 - 94*i**2 - 116*i + 2754. Give b(31).
-1803
Let q(f) = 83001*f**2 + 663994*f - 112. Give q(-8).
0
Let s(q) = 117509*q + 3995319. Calculate s(-34).
13
Let p(d) = d**3 + 390*d**2 + 1891*d - 13105. Calculate p(-385).
-15
Let a(b) = 4*b**2 - 68*b + 1556. What is a(24)?
2228
Let v(b) = -18*b**3 - 2288*b**2 - 231*b + 2994. Determine v(-127).
73
Let n(o) = -o**3 + 114*o**2 + 10691*o + 1021. What is n(-61)?
45
Let o(i) = -13*i**3 - 168*i**2 + 142*i + 1643. Give o(-13).
-34
Let p(r) = -r**2 + 40*r + 951. Determine p(47).
622
Let b(r) = -3638*r + 87320. What is b(24)?
8
Let v(f) = -179*f + 1455. Calculate v(0).
1455
Let f(w) = -6*w**2 - 4641*w + 32535. Give f(7).
-246
Let g(t) = -t**3 + 16*t**2 + 14*t + 180. Calculate g(18).
-216
Let n(p) = -7366*p + 125202. Give n(17).
-20
Let j(h) = -1703*h - 14024. Determine j(-8).
-400
Let v(t) = 474*t - 26610. Calculate v(53).
-1488
Let v(h) = h**3 - 9*h**2 - 601005*h + 3005071. Determine v(5).
-54
Let j(q) = q**3 + 11*q**2 - 1374*q + 10. What is j(-43)?
-76
Let r(y) = 4*y**3 - 164*y**2 + 605*y + 24. Calculate r(4).
76
Let z(r) = 1113684*r + 2227377. What is z(-2)?
9
Let k(n) = -n**3 + 17*n**2 + 415*n - 5227. Calculate k(13).
844
Let o(z) = 6*z**2 - 152*z + 18. Give o(18).
-774
Let a(u) = 3348*u + 50307. Calculate a(-15).
87
Let c(t) = 193*t**2 - 4824*t + 54. Determine c(25).
79
Let j(h) = 2561*h - 240773. What is j(94)?
-39
Let s(j) = 26*j**2 + 2796*j + 5478. Give s(-2).
-10
Let r(y) = -11*y**2 - 203*y + 7567. Determine r(-37).
19
Let s(k) = -2*k**2 - 855*k - 77010. Determine s(-129).
3
Let t(b) = -36*b**3 + 280*b**2 + 136*b - 579. Determine t(8).
-3
Let b(v) = 4156*v**2 + 208*v + 5. What is b(0)?
5
Let y(o) = o**2 + 21375*o - 128267. What is y(6)?
19
Let b(n) = 539*n - 3768. Calculate b(7).
5
Let g(u) = -880874*u - 2642628. Give g(-3).
-6
Let t(d) = 196*d**2 - 154448*d + 105. Calculate t(788).
105
Let j(s) = -s**3 + s**2 - 871*s + 5281. Give j(6).
-125
Let a(w) = 493*w - 194740. Determine a(395).
-5
Let w(d) = -127*d**2 - 71114*d + 3515. Determine w(-560).
155
Let p(k) = -21*k**3 + 362*k**2 - 1277*k - 54. Determine p(5).
-14
Let y(o) = 4*o**2 - 1613*o - 2806. What is y(405)?
29
Let f(d) = -217*d**3 - 4777*d**2 - 70*d + 130. Calculate f(-22).
218
Let r(a) = -17*a - 841. What is r(-90)?
689
Let o(s) = 317*s**2 - 174*s + 122. Calculate o(2).
1042
Let o(u) = -u**3 + 22*u**2 + 30*u + 24. Determine o(14).
2012
Let n(b) = 33400*b + 233721. Calculate n(-7).
-79
Let l(g) = -g**3 + 440*g**2 + 45*g - 20033. Determine l(440).
-233
Let y(w) = 34303*w - 411640. Give y(12).
-4
Let y(q) = -92*q**3 + 17*q**2 - 17. Determine y(1).
-92
Let i(y) = -620*y - 176814. Calculate i(-285).
-114
Let m(s) = -6*s**3 - 2*s**2 + 2882*s + 14390. Give m(-5).
680
Let c(l) = 334*l**2 - 157302*l - 5647. Determine c(471).
5
Let k(p) = 1289*p + 1074. Determine k(-3).
-2793
Let b(k) = 2*k**3 - 45*k**2 - 934*k - 1374. Determine b(36).
-6
Let d(z) = 364854*z - 1824271. Give d(5).
-1
Let f(t) = 2*t**3 - 167*t**2 - 2*t + 7062. Give f(83).
7
Let v(j) = -176377*j - 1058187. Determine v(-6).
75
Let o(q) = 11*q - 434. Calculate o(36).
-38
Let o(j) = -182*j - 4247. Give o(-23).
-61
Let f(q) = q**3 - 81*q**2 + 989*q + 47. What is f(66)?
-19
Let y(l) = 18304*l - 622379. Give y(34).
-43
Let l(y) = y**2 - 23*y + 291. What is l(12)?
159
Let z(l) = 2*l**3 - 243*l**2 + 354*l + 775. Give z(120).
55
Let l(p) = -2121*p + 835661. Calculate l(394).
-13
Let u(g) = g**2 + 1177*g + 345507. Give u(-560).
-13
Let f(k) = -13*k**2 + 38*k + 3543. Determine f(18).
15
Let h(t) = 860*t**2 - 10222*t - 1187. Determine h(12).
-11
Let n(g) = 992*g + 6799. Calculate n(-5).
1839
Let k(p) = 27*p - 4151. Calculate k(102).
-1397
Let x(z) = -186281*z - 6519834. Calculate x(-35).
1
Let s(c) = c**3 - 10*c**2 - 2477*c + 15009. What is s(6)?
3
Let h(y) = 275*y**2 - 99*y + 19. What is h(2)?
921
Let v(u) = -4738*u + 1042347. Give v(220).
-13
Let w(k) = -450*k**2 + 35118*k - 1414. Give w(78).
-10
Let q(s) = 20*s**3 - 478*s**2 - 945*s + 21. Determine q(-2).
-161
Let w(b) = -64*b**3 - 8416*b**2 + 4220*b - 534. Give w(-132).
-6
Let u(m) = 2346*m + 16405. Calculate u(-7).
-17
Let l(p) = -p**3 + 123*p**2 - 1484*p + 105493. Give l(118).
1
Let o(g) = -76305*g - 2823233. Calculate o(-37).
52
Let f(a) = -67*a + 7827. Determine f(111).
390
Let w(g) = 70*g**2 + 759*g + 845. What is w(-9)?
-316
Let z(m) = -2609*m**2 + 31*m + 4. Determine z(1).
-2574
Let j(h) = 142*h**2 + 4164*h + 100. What is j(-29)?
-1234
Let z(f) = 6872*f - 446681. Determine z(65).
-1
Let h(m) = -m**3 + 45*m**2 + 86*m - 14140. Calculate h(37).
-6
Let c(y) = -19*y**2 + 345*y + 13416. Calculate c(37).
170
Let w(a) = 327*a**2 + 51668*a + 404. What is w(-158)?
88
Let w(o) = -2*o**3 + 19*o**2 - 2308*o + 20882. What is w(9)?
191
Let j(h) = -391301*h - 1956460. Determine j(-5).
45
Let m(q) = 63*q**2 + 1952*q - 62. Determine m(-31).
-31
Let s(m) = -1065*m - 5243. Calculate s(-5).
82
Let x(g) = 8083*g - 129205. What is x(16)?
123
Let x(g) = 402*g - 1967. Determine x(6).
445
Let p(q) = 3*q**2 - 10174*q + 111548. Give p(11).
-3
Let p(l) = -91*l + 4688. What is p(47)?
411
Let k(l) = -2*l**2 - 676*l - 28852. Calculate k(-50).
-52
Let g(f) = 26521*f + 7558513. What is g(-285)?
28
Let s(o) = -178*o - 19583. Calculate s(-110).
-3
Let o(f) = -108*f**2 + 11*f - 38. Calculate o(-2).
-492
Let q(d) = -162*d - 412. What is q(0)?
-412
Let r(y) = 4*y**3 + 165*y**2 + 457*y - 1426. What is r(-38)?
-20
Let r(h) = -2*h**3 - 291*h**2 + 432*h - 1326. Determine r(-147).
-3
Let u(i) = 35087*i + 350875. What is u(-10)?
5
Let l(x) = -3*x**3 + 11*x**2 + 214*x + 942. Calculate l(-6).
702
Let d(l) = -1040*l**2 + 10573*l - 1733. Determine d(10).
-3
Let u(w) = -w**3 - 132*w**2 + 1112*w + 13. Give u(9).
-1400
Let x(z) = -485*z + 3032. Give x(7).
-363
Let c(u) = -u**3 + 34*u**2 - 251*u + 212. Calculate c(22).
498
Let a(v) = 19*v**2 + 28413*v - 722209. Determine a(25).
-9
Let a(u) = 2*u**2 + 20*u - 176. Determine a(-17).
62
Let v(d) = d**3 - 1758*d**2 - 6846*d + 2752436. Calculate v(1761).
-7
Let q(l) = -l**2 + 2*l + 1427. What is q(39)?
-16
Let p(s) = -s**3 + 90*s**2 - 1145*s - 6998. Determine p(73).
10
Let b(v) = 